-63, 0 = -4*d. Let q be 10/g*126/4. Let y = 23 - q. What is the remainder when 9 is divided by y?
1
Let y = -2 - -20. Let s be 16*((-16)/4 + 2). Let d = s - -37. What is the remainder when y is divided by d?
3
Suppose 0 = -s - 4*s - 2*n + 14, -13 = -4*s - n. Let r be ((-2)/(-3))/((-9)/(-189)). What is the remainder when 21 is divided by r + (-2 - (s - 3))?
10
Let f = -29 - -56. Let y = -18 + f. What is the remainder when (-1)/3 + (424/6)/2 is divided by y?
8
Suppose 9*y + 106 - 358 = 0. Calculate the remainder when y is divided by 17.
11
Suppose 5*k + 3*m - 33 = 0, -2*m = 2*m - 4. Let c = k - 4. Calculate the remainder when c is divided by (-1)/((21/(-6))/7).
0
What is the remainder when 58 is divided by (-5)/15 - (-217)/21?
8
Let p = -321 + 466. Calculate the remainder when p is divided by 73.
72
Suppose -s + 123 + 175 = 0. What is the remainder when s is divided by 15?
13
Let x(j) = 2*j**2 + 8*j + 5. Let d(a) = 163*a + 2955. Calculate the remainder when x(6) is divided by d(-18).
20
Let d(j) = -j**2 + 12*j - 9. Suppose -73 = -22*a + 1049. What is the remainder when a is divided by d(9)?
15
Suppose -16*a + 15*a = -49. What is the remainder when 236 is divided by a?
40
Let t be (-1*2/2)/(6/12). What is the remainder when 19 is divided by ((-26)/4)/(t + 3/2)?
6
Let m(s) = s**2 - 4*s - 5. Let u be m(5). Calculate the remainder when 16 is divided by (-10 + 4)/(-1 - u).
4
Let l = 24 - 25. Let o be 3*(-24)/(-9) + l. Calculate the remainder when 11 is divided by (o - 1)*(-4)/(-6).
3
What is the remainder when 19 - (-3 - ((-14)/(-2) + -14)) is divided by 6?
3
Let t be (-34)/(-255) - 176/(-30). Calculate the remainder when 28 is divided by -2 - (-11)/t - (-104)/48.
0
Let b(j) = -j**3 - j**2 + 9*j + 3. Let u(g) = 10*g**3 + g**2 - 6*g + 16. What is the remainder when u(2) is divided by b(-4)?
13
Suppose 7*s - 124 - 205 = 0. What is the remainder when s is divided by 38?
9
Suppose 0 = -5*d - b + 268, -250 = -5*d + 4*b + b. Calculate the remainder when 207 is divided by d.
48
Let s = -699 - -730. Suppose -4*h + 50 = 6. What is the remainder when s is divided by h?
9
Let i(r) be the first derivative of -r**4/4 + 5*r**3/3 + r**2 - 3*r + 1. Calculate the remainder when i(5) is divided by 5.
2
Suppose 14*s = 26 + 44. Calculate the remainder when 12 is divided by s.
2
Suppose 5 - 17 = -3*t. Suppose t*n - 116 = -0*n. What is the remainder when n is divided by 10?
9
Suppose -4*a + k - 112 = -548, -k - 112 = -a. Calculate the remainder when a is divided by 45.
18
Let o = -4 - -8. Suppose -c = -o*c + 15. Suppose i - c*d - 74 = -i, 111 = 3*i - 3*d. What is the remainder when i is divided by 19?
18
Let a = -18 + 32. Let w(o) = 3*o**2 - 17*o - 8. Let t be w(6). What is the remainder when t + 51 + (-20)/(-5) is divided by a?
11
Suppose -4*p + 358 = -5*v, 4*p + v = 6*p - 176. Let i = -31 + 53. What is the remainder when p is divided by i?
21
Suppose 16*f - 127 = 65. Suppose 171 = 3*k + z, -k - k = -4*z - 114. What is the remainder when k is divided by f?
9
Suppose 5*z = -3*z + 152. Let o = -12 + 8. Let d(h) = -3*h - 5. What is the remainder when z is divided by d(o)?
5
Let a = 37 + -32. Suppose -t - 2*t = -2*v + 122, -2*v + 114 = -a*t. Let w(x) = x**2 - x + 5. Calculate the remainder when v is divided by w(6).
32
Let f(u) = u**2 - u + 7. What is the remainder when 1*2*3196/376 is divided by f(0)?
3
Let q(d) = -22*d + 139. Calculate the remainder when q(-4) is divided by 77.
73
Let w = -1140 - -1367. Calculate the remainder when w is divided by 29.
24
Let v(z) = 22*z - 103. What is the remainder when v(13) is divided by 93?
90
Suppose 14*m = 10*m - 120. Let h = m - -32. What is the remainder when 4 is divided by h?
0
Let x = -29 - -61. Suppose u = 2, r - 2*u - x = -10. Calculate the remainder when 50 is divided by r.
24
Let d(f) = 4*f**2 + f - 1. Suppose 36 = -2*n - a, -a - 76 = 4*n + 2*a. Let g = -13 - n. Calculate the remainder when d(-2) is divided by g.
1
What is the remainder when (-1 - 0)/((-32)/2848) is divided by 20?
9
Suppose -2 = -2*u - 4. Let l(n) = -45*n**3 - n**2 - 4*n**2 - 1 + 6*n**2 - 2*n**2. What is the remainder when l(u) is divided by 11?
10
Let m(a) = -a + 7. Let q be m(4). Suppose -t + 52 = q*t. What is the remainder when 38 is divided by t?
12
Let h = -45 + 63. Let p = 11 - 7. Suppose 0 = -p*j - 2*v + 48, j - 4*v + 10 = v. What is the remainder when h is divided by j?
8
Let k(i) = i**3 + 10*i**2 + 6*i + 9. Let h be k(-9). Let x = h - 57. What is the remainder when 4 + (3 - -1 - x) is divided by 16?
13
Let f = 2253 - 2237. Calculate the remainder when -4 - -2 - 4*-8 is divided by f.
14
Suppose -4*s + 7*s = 174. Suppose s - 736 = -6*g. Calculate the remainder when g is divided by 38.
37
Let h(a) = -a**3 - 36*a**2 - 37*a - 26. What is the remainder when h(-35) is divided by 27?
17
Let l(n) = -629*n - 55. What is the remainder when l(-1) is divided by 16?
14
Suppose 158 = -0*u + 3*u + 116. Suppose 57 = -5*w + 467. What is the remainder when w is divided by u?
12
Let o(g) = -7*g - 13. Let j be o(-9). Suppose -5*q + 0*q = -j. Calculate the remainder when 43 is divided by (-40)/6*(-24)/q.
11
Suppose 3*i - 2 = t, 4*t + 4*i = -0*i + 24. Suppose -2*d + 3*h = 20 - 276, -d + t*h = -133. Calculate the remainder when d is divided by 32.
29
Calculate the remainder when (-2 + -3)*(222/(-30) + 5) is divided by 12.
0
Let k(g) = g + 13. Let z(i) = -i**2 + 2*i + 3. Let b be z(3). Let q(f) = -356*f - 6358. Calculate the remainder when q(-18) is divided by k(b).
11
Let r(w) = 30*w**2 - 4*w - 3. Let z be r(-3). Suppose d - 4*d + 3*c + 417 = 0, 2*d = 3*c + z. Calculate the remainder when d is divided by 28.
26
Suppose 0 = 974*s - 1049*s + 975. Suppose 40 = 4*w - 9*w - 5*r, 4*w = -5*r - 36. What is the remainder when s is divided by (-2)/(-3)*(-42)/w?
6
Let m(v) = -v**2 + 48*v - 505. Calculate the remainder when 280 is divided by m(24).
67
Let j(q) = -q**3 + 3*q**2 + 6*q - 5. Let g be j(4). Let w = g + 5. Calculate the remainder when 178/6 - (-1)/3 is divided by w.
6
Suppose 45*m - 35*m = 240. Calculate the remainder when m is divided by 17.
7
Suppose 4584 = -14*q + 22*q. Calculate the remainder when q is divided by 41.
40
Suppose 8*a - 9*a = 0. Suppose 3*g - g - 8 = a. Calculate the remainder when 15 is divided by g.
3
Calculate the remainder when (-278)/7*(-287)/82 is divided by 24.
19
Let c(y) = 6*y**2 - y. Let v be c(-1). Suppose -2*t + j + 49 = 0, 3*j + v = 4*t - 90. What is the remainder when t is divided by (-616)/(-55)*(-55)/(-44)?
11
Suppose 21 + 15 = 4*i. What is the remainder when 510 is divided by i?
6
Let x(a) = 101*a + 113. What is the remainder when x(0) is divided by 106?
7
Suppose m - 2*m + 53 = 0. Calculate the remainder when m is divided by 10 + (6/18)/((-1)/(-3)).
9
Let p(k) = -k + 310. Calculate the remainder when p(-19) is divided by 66.
65
Let l(d) = 3*d**3 - 103*d**2 + 36*d - 55. What is the remainder when 17 is divided by l(34)?
4
Suppose -6*l + 315 = -l. Calculate the remainder when l is divided by 26.
11
Let h = -62 + 145. Let x = 142 - h. Let r = 25 - 10. What is the remainder when x is divided by r?
14
Suppose -1327 = -149*a + 475 - 14. Let g(u) be the third derivative of 5*u**4/24 + u**3/6 + u**2. What is the remainder when g(6) is divided by a?
7
Suppose 53*d + 17*d - 8260 = 0. Calculate the remainder when d is divided by 78.
40
Let l be 6/(3/6 - -1). Suppose l*s = -0*s. Suppose s = -4*y - 0*y + 180. Calculate the remainder when y is divided by 12.
9
Let s = 94 + -45. Calculate the remainder when s is divided by 10.
9
Let c be 24/15 - 6/(-15). What is the remainder when c/4 - 111/(-6) is divided by 9?
1
Suppose -87*v + 6608 = 25*v. Calculate the remainder when 143 is divided by v.
25
What is the remainder when ((-87)/(3/(-1)))/(4/28) is divided by 41?
39
Let h = -80 - -457. What is the remainder when h is divided by 96?
89
Let g(m) = -8*m + 1. Suppose 0*b + b = -1. Suppose -w + 150*s - 151*s + 6 = 0, -2*w - s = -11. Calculate the remainder when g(b) is divided by w.
4
Let l(j) = -14*j + 1. Let v be l(11). Let p = v + 167. What is the remainder when p is divided by 10?
4
Suppose 32*i + 4*x = 28*i + 5008, 0 = 5*x - 25. What is the remainder when i is divided by 104?
103
Calculate the remainder when 114 is divided by 1584/20 + ((-238)/(-35) 